 + 4*n = -675. What are the prime factors of h?
13, 17
Suppose -6*a = 5*a. Suppose -5*v + m + 1170 = 0, -4*v + 915 = -5*m - a*m. List the prime factors of v.
5, 47
Let x = -593 - -9870. List the prime factors of x.
9277
Let c(f) = -4 - f + 17 - 7 - 7. Let p be c(-8). Let v(x) = 15*x - 9. List the prime factors of v(p).
2, 3
List the prime factors of 0 + (2356 - (-2 + 8)) + -7.
3, 11, 71
Let t(o) = -159 - 57*o + 81 + 29 - 215. List the prime factors of t(-14).
2, 3, 89
Let j = 509 + -507. Suppose -j*k + 938 = 4*h, 7*h - 10*h - 479 = -k. List the prime factors of k.
11, 43
Let q = 280 - 277. Suppose 0 = q*p + 5*b - 807, -7*p - 2*b + 269 = -6*p. List the prime factors of p.
269
Let d = -12 - -17. Suppose 8*u - 4*u + o - 84 = 0, 0 = d*o - 20. Suppose 0 = -5*a - u, -2*m - 7*a + 238 = -8*a. List the prime factors of m.
3, 13
List the prime factors of ((-80)/12)/(6/25956*-4).
2, 5, 7, 103
Let y(d) = 7 - 23*d - 71*d + 8*d + 9. List the prime factors of y(-4).
2, 3, 5
Let d = 540 - 252. Suppose 2*w - d = 340. What are the prime factors of w?
2, 157
Let o = -109 - -121. Suppose 17 = o*a - 19. Suppose 391 = 4*r + a*u, 2*r - 114 - 79 = -u. What are the prime factors of r?
2, 47
Let r(t) = -11*t**2 + 27*t - 21. Let o(b) = 5*b**2 - 14*b + 10. Let z(m) = 7*o(m) + 3*r(m). Let h be z(8). List the prime factors of ((-30)/(-9))/(h/(-12)).
2, 5
Let z be (8523/27)/(-2*(-2)/(-12)). Let n = z - -2219. What are the prime factors of n?
2, 3, 53
Let n(y) = -22*y + 2*y**2 + 2*y**2 + 4*y**2 - 3 - 5*y**2. List the prime factors of n(16).
7, 59
Let z(i) = i**3 + 49*i**2 - 132*i - 2886. List the prime factors of z(-36).
2, 3, 3119
Let w be (-4)/(-14) - -1*244/28. Suppose 4*q + 4*a = 8, -q - a + w = q. Suppose 4*k + 5*n - 444 = 0, q*k - 5*k = 4*n + 248. List the prime factors of k.
2, 29
Let b be 7518/36 + -4 + 25/6. List the prime factors of 6/15*(b + -6 + 12).
2, 43
Let j = -303 + 8199. What are the prime factors of j?
2, 3, 7, 47
Suppose 0 = 6*q - 8*q + 958. Let k = q + -181. List the prime factors of k.
2, 149
Suppose -7*h + 12*h = d + 72, 2*h = -4*d + 20. Suppose 0 = h*m - 2316 - 8814. What are the prime factors of m?
3, 5, 53
Suppose -8*n + 30*n - 25278 = 0. Let v = n + -99. What are the prime factors of v?
2, 3, 5, 7
Let t = -29 + 28. Let v be t - (-14)/12 - 1214/12. Let y = 316 + v. What are the prime factors of y?
5, 43
Let v(z) = 6*z - 8. Let d be v(2). Let k(c) = 6 - c**2 - 33*c - d + 5 + 10*c. What are the prime factors of k(-15)?
127
Let o(d) = d**3 - 17*d**2 - 10*d - 53. Suppose 2*p - 55 - 5 = -3*t, 5*t - 81 = 3*p. What are the prime factors of o(t)?
7, 13
Let k = -327 - -364. Let h = 5 + k. List the prime factors of h.
2, 3, 7
Let k = -25437 + 53540. List the prime factors of k.
157, 179
Let j = 50 + -40. Suppose 5*p + 10 = j*p. Suppose -p*m = -4*r - 200, -5*m + 5*r + 540 - 55 = 0. List the prime factors of m.
2, 47
Suppose -3*g + 40 = -8. Suppose 5695 = g*d - 9729. What are the prime factors of d?
2, 241
Suppose -r + 4*j = -32, 3*r - j - 43 = r. Suppose 4*c + c = 4*y + 451, -4*c - r = 0. Let i = y + 241. What are the prime factors of i?
2, 61
Suppose 3*a - 6583 = -5*x, 9*a + 2*x = -268 + 19952. What are the prime factors of a?
2, 1093
Let u be (-10 + 8)*(-1772)/(-8). Let h = 410 - u. List the prime factors of h.
853
Suppose 127 + 289 = 4*u. Let q = u - -352. List the prime factors of q.
2, 3, 19
Let m = 13160 + -11005. List the prime factors of m.
5, 431
Let a be ((-4)/(-2 + 4))/((-4)/68). Let c = 60 - a. List the prime factors of (-4)/c + 3594/39.
2, 23
Let x(w) = -w**3 - 90*w**2 + 22*w - 2224. List the prime factors of x(-93).
53, 409
Suppose -19*y = -8*y - 330. Suppose 0 = -24*b + y*b - 534. What are the prime factors of b?
89
Suppose 2*f = -58 + 62. Suppose x = -u - 0*u + 190, 0 = -u - f*x + 192. What are the prime factors of u?
2, 47
Suppose 0 = d + 5*m - 6600, -5*d - 5*m + 5214 = -27786. What are the prime factors of d?
2, 3, 5, 11
Suppose 231106 - 224507 = -31*l + 443110. What are the prime factors of l?
14081
Suppose -56*j + 51*j + 134 = -b, -140 = -5*j - 5*b. Suppose 48 = 5*m - m. Suppose -3*n + m + j = 0. List the prime factors of n.
13
Let b(i) = -i**3 + 2*i**2 + 2*i + 6. Let f be b(3). Suppose -2*t + f*h = -761, 2*t + 4*h - 3*h = 781. What are the prime factors of t?
2, 97
Let l(v) = -59*v - 4. Let q be l(-2). Suppose 4*j + 110 = 2*o, 2*o - 4*o + 2*j + q = 0. What are the prime factors of o?
59
Let c be (-23)/(-7) - 8/28. Suppose -c*u - 9 = -15. Suppose -3*w - 3*o + 5*o + 333 = 0, 5*w - u*o = 559. List the prime factors of w.
113
Suppose a - 13 = -3*o, 5*o = -5*a + 10 + 15. Let t(z) = -46*z - 13. Let f be t(o). Let r = f - -344. What are the prime factors of r?
3, 7
Let d be 19/(4 + 3399/(-567) + 2). Suppose 24*p - d = 10737. List the prime factors of p.
3, 199
Let v(n) = 6*n**3 + 13*n**2 - 25*n + 58. What are the prime factors of v(10)?
2, 1777
Let r(s) = 9507*s**3 - 4*s**2 + 4*s + 9. What are the prime factors of r(2)?
19, 4003
Suppose -4*j - 2*n = -167954, 3*n = -3*j + 79059 + 46902. List the prime factors of j.
2, 5, 13, 17, 19
Let x = 37170 + -17298. What are the prime factors of x/45 + (-15)/25?
3, 7
Suppose d + 4*s - 164408 = -d, 246612 = 3*d + 3*s. List the prime factors of d.
2, 20551
Let t(b) = 2*b**3 - 3*b**2 - b. Let w be t(3). Let i(v) = 0*v**2 + 21 - 6*v + w*v - 8*v**2 - v**3 - 2*v**2. What are the prime factors of i(-12)?
3, 31
Suppose -3*y = 4*t + 1 - 7, -2*t - 30 = -4*y. Suppose -y*a = 3*a + 4*a. Suppose 3*b = -4*i + 135, -2*b + 3*i + 106 + 1 = a. List the prime factors of b.
7
Suppose 0 = 3*u - 4*v + 35, -u + 24 = -3*u + 3*v. Let c be u/3 + 183 + -6. Suppose -4*o + 2*o = -c. List the prime factors of o.
3, 29
Suppose 0 = -2*c + 162 - 164. Let q be 6*((-8)/12 - c). Suppose -q*y + 210 = -5*d + 3*d, -4*y = -d - 405. What are the prime factors of y?
2, 5
Suppose 18*p = -62*p + 110640. List the prime factors of p.
3, 461
Suppose 0 = -107*s + 119*s - 216. Suppose -24304 = s*w - 59476. List the prime factors of w.
2, 977
Let r(j) = -j**2 + 15*j + 84. Let h be r(18). What are the prime factors of 48/h*1395/2?
2, 3, 31
Let i(z) = -1141*z**3 - z**2 + 5*z + 11. Let x be i(3). List the prime factors of x/(-45) - 4/18.
2, 3, 19
Let h be (-12)/8 + 7827/2. Suppose -11*b + 3*b - h = 0. What are the prime factors of (-10)/30 + b/(-9)?
2, 3
What are the prime factors of (816/(-108) - -8) + 896492/36?
3, 2767
Let s(t) = 3*t**2 + 13*t - 10. Let a be s(-5). Suppose l - 975 = -3*z, a = 3*l - 13 + 4. What are the prime factors of z/15 + 3/(-5) + 1?
2, 11
Let k(n) = n**3 + 7*n**2 - 22*n - 258. Let y be k(-6). Suppose -5*w - 217 = -1567. Let f = y + w. What are the prime factors of f?
2, 3, 5
Let t(b) = -2*b**3 + 31*b**2 + 12*b + 4. Let w be t(16). What are the prime factors of (7728/w)/((-2)/15)?
2, 3, 7, 23
Suppose 0 = 3*x, -11739 = n - 6*n + 5*x - 4439. What are the prime factors of n?
2, 5, 73
Let i = -1889 - -510. Let c = i - -2256. List the prime factors of c.
877
Suppose y = -7*d + 3*d + 390, -3*d - 4*y + 299 = 0. Suppose -a + 656 = d. List the prime factors of a.
13, 43
Suppose -4*w + 2*u = -10554, 11*u = -3*w + 7*u + 7932. List the prime factors of w.
2, 3, 5, 11
Let r = -76 - 50. Let o be 1/7 + (-10944)/r. Suppose 2*w = o + 119. What are the prime factors of w?
103
Suppose -258 = -20*p + 102. What are the prime factors of p/(-135) + -284*(-71)/30?
2, 3, 7
Let a(s) = s**2 + 7*s + 6. Let k be a(-6). Suppose -171*x + 163*x + 10432 = k. What are the prime factors of x?
2, 163
Suppose -18*h + 14*h = -24. Let d(g) = 3*g**3 - 9*g**2 - 3*g + 34. What are the prime factors of d(h)?
2, 5, 17
List the prime factors of 400*4/(-10)*(8 - (-4829)/(-88)).
2, 3, 5
Suppose -3*d - 1 = -10, -5*d + 283880 = 5*l. List the prime factors of l.
56773
Suppose 0 = 30*q + 1473 - 29103. Suppose q = 64*v - 63*v. What are the prime factors of v?
3, 307
Suppose -3*q - 235 = -5*n, -3*q - 5*n + 155 = -5*q. What are the prime factors of 2/(-8) - 10180/q?
127
Let l(n) = -21*n + 17. Let j be l(-13). Let k be j/(-25) + 2/(-5). Let w = k + 43. What are the prime factors of w?
31
What are the prime factors of (-1 + 142)*(-117240)/(-360)?
47, 977
Let c(z) = z**3 + 10*z**2 + 7*z + 6. Let q = -44 + 45. Let i be (q - 12/4) + -3. What are the prime factors of c(i)?
2, 3
Suppose g = m